= -u + i. Suppose -2*t + u*l = -29, t - 5*l - 23 = 2*t. What is the units digit of t?
2
Suppose -3920 = 2*n + 5*n. Let v = n - -827. Let l = v + -151. What is the tens digit of l?
1
Suppose 501 = 2*s - 5*p, -12 = 5*p - 7. Let k = -186 + s. What is the tens digit of k?
6
Suppose -4*c - 6 + 158 = v, 0 = 4*c - 16. Suppose 3*a + 100 = -53. Let p = a + v. What is the units digit of p?
5
Let k be (-21)/12 + 4*4/(-64). Let r(h) = -57*h - 13. Let s be r(7). What is the tens digit of (-1)/(k*(4 - (-1647)/s))?
0
Suppose 5*m = 39945 + 78800. What is the thousands digit of m?
3
Suppose -5*s + 43115 + 170400 = 0. What is the thousands digit of s?
2
What is the tens digit of 1618584/114 + 2/(-19) - 10?
8
Let t = -7704 + 20952. What is the tens digit of t?
4
Suppose -i - 3 + 13 = 0. Let x(m) = 0 + 3*m + i - 2*m. What is the tens digit of x(14)?
2
Let p(b) = -206*b - 277. What is the units digit of p(-52)?
5
Suppose -18*v + 15*v = -15. Suppose -3*c + 2*j = 7, v*c + 2*j + 0*j + 17 = 0. What is the units digit of (4401/(-13))/c + (-20)/(-130)?
3
Suppose -66*c - 60*c + 1744163 - 69749 = 0. What is the tens digit of c?
8
Suppose -4*v - 3*d - 816 = -v, -276 = v - 3*d. Let o = v - -388. Let l = 71 + o. What is the tens digit of l?
8
Suppose -7*t + 5*c = -6917, 7*c - 3*c = -4*t + 3932. What is the hundreds digit of t?
9
Let j(m) = 14*m**2 - 64*m - 213. What is the thousands digit of j(38)?
7
Suppose 527 - 1382 = -5*w. Let p = -168 + w. What is the units digit of p?
3
Suppose -16*o + 19*o = 0, 3*c = 4*o + 33765. What is the ten thousands digit of c?
1
Let l = -82 - -88. Let i be 0 + (-12)/(-1) + -8 + l. Suppose 135 = i*u + 15. What is the tens digit of u?
1
Let g = -585 + 1394. Suppose 0 = 5*z - 1989 + g. What is the units digit of z?
6
Suppose -110 = -6*o + o - 4*m, 22 = o - m. Suppose 4*u - o = -v - v, -5*v - 5*u = -45. Suppose -3*k - 60 = -v*k. What is the tens digit of k?
1
Let b(j) = -2*j**2 + 25*j - 54. Let i be b(11). Let y(f) = 2*f**2 + 14*f + 15. What is the tens digit of y(i)?
0
Let l = 19 + 8209. What is the tens digit of l?
2
Let x(h) = h**3 + 4*h**2 + 2*h + 3. Let m be x(-3). Let i(u) = 7*u**3 - 9*u**2 - 16*u + m*u + 1 - 6 - 9*u**3. What is the units digit of i(-5)?
0
Let g(n) = n - 7*n + 292 + 8*n**2 - 9*n**2. What is the units digit of g(0)?
2
Suppose 13*a - 8*a - 494088 = -16*a. What is the hundreds digit of a?
5
Suppose -2924 = -5*g + 4*x - 315, 2*g - 1041 = -x. Suppose 515 = d - g. What is the thousands digit of d?
1
Let l(r) = -r**2 + 82*r + 203. What is the thousands digit of l(46)?
1
Suppose 9*w - 9116 = 19747. What is the hundreds digit of w?
2
Let c be (-418)/(-14) + (12 - 6)/42. What is the units digit of 1244/(-3)*(-45)/c?
2
Let l(m) = -m**3 - 29*m**2 - 11*m - 95. Suppose -3*q - 57 = -2*n + 40, -107 = 3*q - 4*n. What is the hundreds digit of l(q)?
2
Suppose 4 = 5*q + 2*r, 3*q - 3*r - 13 = q. Let y(t) = 5*t**2 - 43*t + 231. Let h be y(7). Suppose h + 35 = q*p. What is the units digit of p?
5
Suppose 4*q = 2*y + 2868, 4*q - 5*y - 780 = 2082. What is the tens digit of q?
1
Suppose -4*t + 339 + 257 = 0. Suppose -2*b - 5*n - 54 = 96, -5*b - 2*n - 375 = 0. Let p = t + b. What is the units digit of p?
4
Let f be (77/(-2))/((-1)/(-2)). Suppose -8*q - 9 = 15. What is the units digit of q - f - 9/(-6)*-2?
1
Let c(a) = 8*a**2 - 5*a + 82. Let h be c(8). Let r = -274 + h. What is the hundreds digit of r?
2
Suppose -12*x + 13*x - 7 = 2*o, -2*o - 11 = -5*x. What is the hundreds digit of (1 + -4 - -747) + (-2)/x?
7
Let u(c) = -14*c**2 + c - 3. Suppose 0*x = x + 3*j + 4, -j + 8 = 5*x. Let l be u(x). Let k = -29 - l. What is the units digit of k?
8
Let f = 13399 + -82. What is the ten thousands digit of f?
1
Let j be 552 + (4/(-30) - (-558)/135). Let g = 1022 - j. What is the hundreds digit of g?
4
Suppose q + d = 2*q - 107, 4*q + 3*d - 463 = 0. Suppose 0 = -14*u + 6*u + q. Let p = u + 56. What is the units digit of p?
0
Let s = 21 + -12. Let x(v) = 38*v + 26. Let n be x(s). What is the tens digit of 2/(4/n - 0)?
8
Suppose 5*z + 3 = -12, 3*g + 1083 = -2*z. Let y = g + 216. Let p = y - -215. What is the tens digit of p?
7
What is the tens digit of (-9 - (-6)/8*14)*76166/3?
8
Suppose -3*p + 166633 = -5*a, p - 24*a = -19*a + 55531. What is the ten thousands digit of p?
5
Let u(g) be the second derivative of -g**4/4 + g**3/3 - 5*g**2 + 16*g. Let x be u(7). What is the units digit of ((-2)/(-3))/(x/(-141) - 1)?
7
Let q(a) = -1 - 1 + 7 - 10 + 297*a**2 - 3*a. What is the tens digit of q(-1)?
9
Let m be 1 + (-1 + (-2)/(-4))*2. Suppose 0 = 3*a + 3*p - 879, 2*a - 3*a + 5*p + 311 = m. What is the tens digit of a?
9
Suppose 5*p + a - 46 = 0, -7*p + 4*a = -3*p - 32. Suppose 5*m = -g + 3120, 11*m + g = p*m + 1251. What is the units digit of m?
3
Let t be (3 - 18) + (-9)/(-1*3). Let y be 6/(1/((-4)/(t/(-3)))). Let w(p) = p**2 - 3*p - 9. What is the units digit of w(y)?
5
Let q(s) = 4*s + 7. Let r be q(-12). Let x = r - -42. Let z(a) = 117*a**2 - 2*a + 1. What is the hundreds digit of z(x)?
1
Suppose 69 = -4*f + f. Let y(m) = -2*m**2. Let p(o) = 5*o**2 + 24*o + 30. Let h(s) = p(s) + 2*y(s). What is the units digit of h(f)?
7
Let f(y) = -y**3 - y**2 - y - 1. Let w(s) = 27*s**3 - s**2 - 14*s - 24. Let n(u) = 2*f(u) - w(u). What is the tens digit of n(-3)?
6
Let u = 24173 + -11280. What is the tens digit of u?
9
What is the units digit of (-189800)/(-6) - (-14)/252*12?
4
Suppose -b = 2*w - 19, b + 3 = 4*b. Let r be w/4*56/42. Let i(a) = 10*a**3 - 5*a**2 + 4*a - 7. What is the hundreds digit of i(r)?
2
Let c(f) = 3439*f**3 - f**2 + 9*f - 6. What is the tens digit of c(2)?
2
Let u(h) = -39*h**3 - 9*h**2 + 9*h - 17. Let y(o) = 20*o**3 + 5*o**2 - 4*o + 9. Let i(c) = -3*u(c) - 5*y(c). What is the hundreds digit of i(2)?
1
Let c(q) = -q**2 - 14*q - 2. Let w be c(-8). Suppose 0 = l - w + 14. Suppose -18 - l = -5*t. What is the tens digit of t?
1
Let r be (-3)/1*(16/(-4) - 2). Suppose 0 = r*m + 14*m - 36288. What is the tens digit of m?
3
Let y(t) = -92*t + 85. Let d be y(-9). Suppose 2*f - d = 305. What is the tens digit of f?
0
Let j be (-4 - -1) + 280/5 + -1. Let a = j - 40. Suppose 21 + 2607 = a*r. What is the units digit of r?
9
Suppose 31 = -0*n + 2*n - 3*s, -3 = -s. Suppose 0 = 2*v - 4*c - 22 - n, 0 = 3*v - 5*c - 68. Suppose 27*i - v*i = -184. What is the tens digit of i?
4
Let r = -16 + -6. Let k = r - 21. Let y = k + 71. What is the units digit of y?
8
Let a(d) = 4*d**3 - d**2 + 7*d + 5. Let z(l) = l**3 + l**2 - 1. Let w(m) = -a(m) + 5*z(m). Let s be w(-7). What is the tens digit of -4 - 2/(s/565)?
0
Suppose -21*w + 102090 = -17*w + 2*r, 2*w = r + 51027. What is the thousands digit of w?
5
Let t(d) = -d**3 - 9*d**2 - 10*d - 25. Let j be t(-9). What is the hundreds digit of (57 - j)*(-2)/(8/169)?
3
Suppose 4*n = -20, -13*w + 9*w - 2*n = -734. Suppose 213 = 2*h + 2*h + 5*f, -3*h + 5*f = -w. What is the tens digit of h?
5
Suppose 0 = 5*l + 5*r + 11160, 3*l + 0*r - 2*r = -6681. What is the tens digit of 9/(-6) - l/6?
7
Let j = 1190 + -3766. Let w = -1316 - j. What is the tens digit of w?
6
Suppose 9*p = 14*p + 3*u - 160502, -p = 2*u - 32106. What is the tens digit of p?
9
Let r = 547 + -213. Let c = r + -7. What is the tens digit of c?
2
Let k be 8/(-6)*(-9)/6. Suppose -4*g - 25 + 7 = -5*q, -3*q = 2*g - k. What is the units digit of q/(-4)*-55*80/100?
2
Let o(a) = a**2 + 2*a + 134. Suppose -4*t = -4*z - 16, 5*z + 4*t = z + 16. Suppose z = -11*k + 4*k. What is the hundreds digit of o(k)?
1
Let h(c) = 10*c - 21. Let b(w) = -11*w + 21. Suppose 4*z - 20 = -z + 4*p, -z = -3*p - 4. Let f(t) = z*h(t) + 5*b(t). What is the hundreds digit of f(-7)?
1
Let j(t) = 489*t**2 - 93*t - 1. What is the tens digit of j(-4)?
9
Suppose 0 = -76*v + 19614 + 19906. What is the tens digit of v?
2
Let a(o) = -o**2 - 2*o + 45. Let c be a(-5). Suppose 28*z = c*z - 1070. What is the tens digit of z?
3
Let k(b) = -11*b**3 - 43*b**2 - 166*b + 24. Let c(s) = -3*s**3 - 15*s**2 - 55*s + 8. Let d(u) = -7*c(u) + 2*k(u). What is the units digit of d(17)?
1
Let x(s) = -543*s - 1570. What is the ten thousands digit of x(-55)?
2
Suppose -4*k + 454 = -3*r - 887, 3*k - 993 = -2*r. Suppose k + 1323 = 9*m. What is the tens digit of m?
8
Let g be (-5 - -3)*45/(-30). Let v(x) = 216*x**2 + 28*x - 94. What is the thousands 